{"id":11,"date":"2022-03-30T10:14:02","date_gmt":"2022-03-30T08:14:02","guid":{"rendered":"http:\/\/baldenweck.fr\/?page_id=11"},"modified":"2022-04-02T08:10:55","modified_gmt":"2022-04-02T06:10:55","slug":"a-propos-de","status":"publish","type":"page","link":"https:\/\/baldenweck.fr\/index.php\/a-propos-de\/","title":{"rendered":"\u00c0 propos de"},"content":{"rendered":"\n<p class=\"has-larger-font-size\"><em>Pourquoi un site ?<\/em><\/p>\n\n\n\n<p class=\"has-text-align-center\">Juste pour partager ses passions, ses connaissances et peut-\u00eatre faire d\u00e9couvrir \u00e0 d&rsquo;\u00e9ventuels lecteurs de nouvelles pistes d&rsquo;int\u00e9r\u00eat.. <\/p>\n\n\n\n<p class=\"has-text-align-center\">Et puis aussi pour me faire plaisir&#8230;<\/p>\n\n\n\n<p class=\"has-text-align-center\">En souhaitant que vous aussi y trouviez du plaisir.<\/p>\n\n\n\n<p class=\"has-text-align-center\">Finaement c&rsquo;est juste un site pour le plaisir.<\/p>\n","protected":false},"excerpt":{"rendered":"<p>Pourquoi un site ? Juste pour partager ses passions, ses connaissances et peut-\u00eatre faire d\u00e9couvrir \u00e0 d&rsquo;\u00e9ventuels lecteurs de nouvelles pistes d&rsquo;int\u00e9r\u00eat.. Et puis aussi pour me faire plaisir&#8230; En souhaitant que vous aussi y trouviez du plaisir. Finaement c&rsquo;est juste un site pour le plaisir.<\/p>\n","protected":false},"author":1,"featured_media":0,"parent":0,"menu_order":0,"comment_status":"closed","ping_status":"closed","template":"","meta":{"footnotes":""},"class_list":["post-11","page","type-page","status-publish","hentry"],"_links":{"self":[{"href":"https:\/\/baldenweck.fr\/index.php\/wp-json\/wp\/v2\/pages\/11","targetHints":{"allow":["GET"]}}],"collection":[{"href":"https:\/\/baldenweck.fr\/index.php\/wp-json\/wp\/v2\/pages"}],"about":[{"href":"https:\/\/baldenweck.fr\/index.php\/wp-json\/wp\/v2\/types\/page"}],"author":[{"embeddable":true,"href":"https:\/\/baldenweck.fr\/index.php\/wp-json\/wp\/v2\/users\/1"}],"replies":[{"embeddable":true,"href":"https:\/\/baldenweck.fr\/index.php\/wp-json\/wp\/v2\/comments?post=11"}],"version-history":[{"count":4,"href":"https:\/\/baldenweck.fr\/index.php\/wp-json\/wp\/v2\/pages\/11\/revisions"}],"predecessor-version":[{"id":136,"href":"https:\/\/baldenweck.fr\/index.php\/wp-json\/wp\/v2\/pages\/11\/revisions\/136"}],"wp:attachment":[{"href":"https:\/\/baldenweck.fr\/index.php\/wp-json\/wp\/v2\/media?parent=11"}],"curies":[{"name":"wp","href":"https:\/\/api.w.org\/{rel}","templated":true}]}}